13 + 1 + -1 + 9 + -27?
-16
What is the value of (15 + 8 - 3) + -26?
-6
What is the value of 18 - ((1 - 5) + -6 + (29 - 13))?
12
-111 + 123 + (-23 - 4)
-15
What is 26 - (-16 + -18 - -69)?
-9
Calculate 19 + -1 + -6 - 13.
-1
What is the value of (-4 - -3 - 0) + (52 - 26)?
25
Calculate -18 - (13 - -3) - -9.
-25
(-12 - (-4 - -1)) + (3 + 7 - -11)
12
Calculate -2 + 1 - 3 - (28 + -53).
21
9 - 10 - (6 - 7)
0
Calculate -9 - (2 - 9) - (27 + 1) - 6.
-36
What is the value of (0 - -34) + -4 + -30 + 18?
18
9 + 6 + (-7 - 1) - (19 - 8)
-4
What is (1 - (-4 - 5 - -1)) + (-4 - 0)?
5
What is the value of ((12 - 14) + -15 - -2) + -8?
-23
Evaluate 24 + (-35 - -27) + -15.
1
What is the value of (20 - (-13 + 13)) + -47?
-27
9 + -2 + (-50 - -39)
-4
What is the value of (22 - (-37 - -11 - -16)) + -1?
31
What is (4 - -2 - (-4 + 10)) + 7 + 1?
8
Calculate (5 - -1) + (-688 - -667).
-15
Calculate -3 + -5 + (-5 - (-14 + 9)) - -14.
6
Evaluate -5 + 2 + (4 - (-19 - -1)).
19
Calculate 8 - (-11 + 9) - (25 + -30).
15
What is the value of -2 + 4 + 10 + -13 + 1 - -6?
6
What is 8 + 1 + (1 + 3 - (-92 + 110))?
-5
What is the value of 2 - (-8 - -17 - (-1 - -13))?
5
Evaluate (-29 + 39 - -2) + (-42 - -2).
-28
29 + -18 - 12 - -17 - 21
-5
Evaluate (-24 - -54) + -11 + -26.
-7
Calculate 0 + -11 + 1 - (9 + 20 + -34).
-5
What is -18 - (16 - (-4 - -37))?
-1
(0 - ((7 - -2 - 0) + -3)) + 5
-1
What is the value of 13 - (-26 + 12 + 22)?
5
(9 - (-7 - -3)) + -82 + 77
8
Calculate 7 + -15 + 19 - (0 - -30).
-19
What is the value of 1 + -11 - (-75 + 65)?
0
Calculate 11 - (3 + 2 - (-1 + 3 - -4)).
12
Evaluate 25 - (16 + -17 + 12).
14
-48 + 50 - (-2 + 3 + 4)
-3
Calculate (-32 - -37) + (0 - 2).
3
20 + -7 + 10 + -40
-17
Evaluate 4 + -5 - (-2 - -9).
-8
What is the value of 25 - 34 - 10 - 0?
-19
What is the value of -2 + 8 + (-2 + 1 + -3 - -2)?
4
Evaluate (-6 - -3 - -1) + (54 - 62).
-10
What is -2 - (-17 + 6 + 4) - (16 - 1)?
-10
What is -31 + (-1 - (-19 + 8))?
-21
Evaluate 5 + -21 + 6 + 9 + -7.
-8
Evaluate (-30 - 5) + -12 + 81.
34
What is 1 - ((-8 + -5 - -6) + 12 - 11)?
7
What is 8 + (25 - 13 - 3) - 28?
-11
Evaluate (7 - (5 + -11 + 11)) + -19.
-17
(-7 - 5) + (0 - -7 - 9)
-14
Calculate 1 + 4 + -2 + 12 + (-11 - -17).
21
What is the value of -2 - -16 - (16 - (10 + 1))?
9
What is the value of (0 - -2) + (12 - (8 - (8 - 4)))?
10
Evaluate 12 + -29 + (6 - -3) + 1 + 29.
22
What is the value of (-2 - 6) + 10 - 12 - -8?
-2
What is -10 + (-1 - (-8 + 6 + 4 + 2))?
-15
What is the value of -26 - (-23 + 30 + -19)?
-14
What is -32 + (-3 - -11) - -13?
-11
Calculate -20 + (38 - 18) + -7.
-7
9 - 7 - (21 + -35)
16
Evaluate -13 - 0 - (42 - (41 - 7)).
-21
What is 1 + -9 + -2 + -2 + 10?
-2
-9 - (17 + (-22 - -12)) - -5
-11
What is (-3 - -7) + -2 + -9 + 11?
4
What is the value of 1 - (-7 - (-1 - (-2 - 4)))?
13
Calculate (51 - 67) + (-5 - -23).
2
Evaluate (6 - -7 - -7) + 15.
35
What is -8 - (21 - (43 - 1))?
13
(-2 - (3 - 16)) + 548 + -572
-13
(1 + -3 - 2) + 7 - -5 - -12
20
Calculate -34 - (-46 - -24) - -26.
14
What is (6 - (1 + 3)) + 24?
26
What is the value of 105 + -112 + -3 + 1 + -1?
-10
Calculate 5 + -3 + -1 - (4 - -2) - -9.
4
Calculate 0 + 5 + (-1 - -4) + 0.
8
What is (0 - -21 - -14) + -41?
-6
5 + -7 - 17 - 1
-20
What is (3 + -16 - -1) + 7 + 0 + -2?
-7
Evaluate -11 - -27 - 7 - -13.
22
What is the value of -1 + 0 + (1 - (3 + (12 - 12)))?
-3
Evaluate 16 + -6 + (-1 + (12 - 8) - 43).
-30
Evaluate (-4 - 22) + (52 - 33) + (22 - 1).
14
Evaluate -21 - (-2 - (12 - -38)).
31
3 + (17 - 26) + -4 + 2 + 0
-8
Evaluate 3 + -22 + 38 - (-6 + -10).
35
What is the value of -28 + 10 + 15 + 7?
4
Calculate 9 + -22 + (-3 - (-1 + -3 + -2)).
-10
Calculate 13 + -2 - ((-6 - -13) + 2).
2
What is the value of 23 - ((-3 - (-1 + -4)) + 4) - 2?
15
Evaluate 2 - (1 - -2 - 0) - 1.
-2
What is the value of 1 - -5 - ((33 - 26) + -13)?
12
Evaluate (1 - -10) + 6 + -16.
1
(97 - 94) + (0 - 15)
-12
What is 11 - (-3 + (0 - -22))?
-8
What is 28 + 0 + 694 + -698?
24
Evaluate -3 + -1 + -38 + 46.
4
Calculate -6 + 22 + (-1 - 7).
8
Evaluate (-4 - 31) + 21 - 9.
-23
Calculate -9 - (6 - 2 - 11 - 18).
16
What is (30 + -37 - -32) + -2?
23
Evaluate -37 - (-95 - -21 - -7).
30
What is the value of 6 + -5 - (-66 + 33)?
34
-2 + 27 + (-4 - (2 - 10)) - 3
26
Calculate (9 - 1) + 8 + (8 - 5 - 40).
-21
What is -5 + -10 + 10 + 2 + -7 + 0?
-10
(-53 - -4 - -54) + -23 + -1
-19
Calculate 29 + -21 + -16 + 1 - (1 + 1).
-9
What is -6 - ((9 - 6) + -7 - (1 + -6))?
-7
25 + 0 + 217 + -107 + -95
40
(0 - 24) + 10 + -57 + 64
-7
8 + -49 + 55 + (-12 - 1) - 22
-21
What is 21 + 2 + 5 + (-22 - -10)?
16
What is -3 + 7 + (6 - -3) - -2?
15
-8 + (19 + -13 - (-4 + 10 + -4))
-4
What is (6 - (14 + -13)) + -11?
-6
What is the value of 21 - (14 + -18 + 14 + 5)?
6
Evaluate (7 + -10 - -13) + -14.
-4
Calculate 1 - -4 - (-11 + 8 + -10 + 9).
9
What is -1 - 24 - (-1479 - -1463)?
-9
What is the value of 8 - ((-13 - -4 - 13) + -9 + 6)?
33
Calculate (-17 - (-7 + -22)) + -21.
-9
Calculate 0 - 4 - (-1 - 0) - (-4 - 12).
13
Evaluate 19 + -3 + -6 + (4 - 4 - 1).
9
Calculate 32 - (-22 - -34 - 6).
26
Evaluate -8 + 2 + -69 + 99 + 0.
24
What is the value of (-17 - -1) + -7 + 16?
-7
7 + 3 + 8 + -49 + 56
25
What is the value of (-17 - -9 - -31) + 8 - (-3 - -9)?
25
Evaluate 7 - (-9 - -2) - (54 - 62).
22
5 + 4 + -10 - 4
-5
What is the value of -3 + -9 + (107 - 119)?
-24
Calculate (7 - 0 - 13) + -1 + 18.
11
What is the value of (-18 - -7 - (0 + -9 + 1)) + -8?
-11
What is (-1 - 11) + (271 - 278)?
-19
0 - (9 - (1 + -8 + 1 + 28))
13
Evaluate -28 + -3 - (25 - (24 - -14)).
-18
What is (-149 - -164) + 1 + -11?
5
What is -1 - (-2 + 6) - (11 + -6)?
-10
Calculate -7 - (-71 + 78 - (-3 + -10)).
-27
What is the value of (-14 + 23 + 5 - 3) + -9?
2
Evaluate -10 - (-8 - (-1 - (1 - (-7 - -5)))).
-6
-82 + 66 - (4 - (-4 - 1))
-25
2 + -3 + (-5 - (-15 - -5) - 8)
-4
-3 - (-34 - (33 + -50))
14
What is the value of -6 + 1 - (12 + -11 + -8 + 12)?
-10
What is the value of 39 - (3 - (12 + -51))?
-3
Calculate 5 - 3 - (3 - 17).
16
-452 + 481 - (15 + (-1 - 1))
16
15 - ((129 - 118) + 2 + 0)
2
What is the value of 18 + -5 + (-11 - -10)?
12
Evaluate 5 + (13 - (3 + 11)).
4
What is the value of (8 - (-2 + -11)) + -13?
8
What is the value of (-3 - -7 - 9) + 4 + (0 - -3)?
2
Evaluate (-1 - (8 - 24)) + (0 - 10).
5
Calculate (-7 - -33) + -22 + (10 - 2).
12
What is the value of 3 + -51 + 17 + 14 + 11?
-6
Evaluate (-14 - -6 - (0 + -6)) + -3.
-5
Evaluate (-353 - -347) + (0 + (-1 - -3) - 19).
-23
Evaluate (-17 - (-5 + (-10 - -7))) + 30.
21
What is the value of (12 - (-12 + 18 - 5)) + 13 + -1?
23
Evaluate 7 + (55 - 10) - (-3 - -13 - -2).
40
(7 - (6 - -9)) + 13 + -4 + -1
0
What is (-34 - (-5 + -21)) + -5?
-13
What is the value of (-19 - (0 - -5 - (32 - 28))) + 3?
-17
(2 - 2) + (1 - 8) - -14
7
What is the value of (-108 - -115) + -2 + 1?
6
Evaluate -34 + -7 + 10 + 3 + (-10 - -2).
-36
What is -3 - (-24 - (-11 - 0)) - -10?
20
Evaluate (-29 + 25 - 4) + -5 + 0 + 1.
-12
-9 + 9 - (-3 + 1)
2
Evaluate 53 - (19 + -15) - 25.
24
What is 6 + -20 - (-10 - (10 - 7))?
-1
What is the value of (-6 - -1) + -141 + 146 + (2 - -1)?
3
What is the value of 8 + -21 - (30 - 18)?
-25
Calculate (0 + -6 - (59 - 96)) + -2 + -2.
27
3 - (-5 - -4) - (-16 - -17)
3
What is the value of 1 + -8 + 0 - (-6 + -3)?
2
Calculate -43 + 57 - (29 - 0).
-15
17 + (-35 - -12 - -10) - -14
18
What is the value of -12 + (20 + 24 - 21)?
11
0 - 0 - (18 + -44 + 19)
7
-1 - 6 - (12 + -26 - -10)
-3
What is 414 - 405 - (-2 + -1) - 5?
7
Calculate 6 + 8 - (-74 + 69 - (2 - 10)).
11
Calculate 18 + -2 - 0 - ((23 - 13) + -5).
11
(-10 - -4) + (19 - -4) + -4
13
11 + -43 + 4 - (0 + 0 - -2)
-30
Calculate -7 + 34 - 42 - (-3 + -1 + 1).
-12
-3 + (10 - (1 - -5))
1
What is (2 + -2 - (-1 + 1) - 1) + -6?
-7
What is the value of -27 - (-66 - -35) - (-6 + 0 + 0)?
10
What is 15 + -9 + -8 + 10?
8
What is (-156 - -192) + (-4 - 2 - -3 - 2)?
31
What is 7 - (-9 - (-20 + 13 - -9))?
18
What is the value of (1 - (-5 - (-11 - 2))) + 1?
-6
-11 - ((-93 - -93) + (18 - -1))
-30
What is -4 + 29 + 14 + -29?
10
What is 5 + 2 + 10 + (14 - 23) - -7?
15
What is 6 + -13 + 7 + 13 + -20?
-7
Calculate 8 + (2 - -1) + 168 + -173.
6
What is 14 + -15 + 20 + (1 - 2 - 4)?
14
Evaluate (3 - -12) + (-24 - -48).
39
What is -8 - (-10 + -13 + 14 + 4)?
-3
Calculate -13 + (-5 - (-2 - -6)) + 14.
-8
What is